 remainder when u is divided by 19?
15
Suppose -85*p - 448 = -101*p. What is the remainder when 278 is divided by p?
26
Suppose -50 + 6 = 4*v. Let z = 67 + v. Calculate the remainder when z is divided by 29.
27
Suppose 5*b + 3*d - d - 179 = 0, -3*b + 5*d + 126 = 0. Let c = 34 - 30. Suppose 0 = -4*t, c*t - 3*t = u - 13. Calculate the remainder when b is divided by u.
11
Let d(x) = -x**2 - 26*x - 22. Suppose 16*a + 144 = 10*a. What is the remainder when d(a) is divided by 7?
5
Let l(g) = -8*g**2 - 3. Let d(v) = v**2 + v + 1. Let c(m) = d(m) - l(m). Let o = 49 - 28. What is the remainder when c(-3) is divided by o?
19
Let s = 428 - 415. What is the remainder when 110 is divided by s?
6
Let m = -498 + 550. Calculate the remainder when 132 is divided by m.
28
Let c = -1 - -5. Suppose 2*o = -c, -5*h + 0*o = -4*o - 158. Calculate the remainder when h is divided by 8.
6
Suppose m = 3*c - 7951, -37*m = -c - 40*m + 2637. What is the remainder when c is divided by 12?
9
Let u = -7 + 20. Suppose 19*s - 154 = -21. What is the remainder when u is divided by s?
6
Let r(a) = a**2 - 3*a + 1. Suppose -10*q + 42 - 2 = 0. Suppose 3*w - 5*y - 1 = 5*w, -q*w = -4*y - 40. Calculate the remainder when r(5) is divided by w.
4
Let p be 6*6/(-9) + -1. Let q = 352 + -107. What is the remainder when (q/25)/((-1)/p) is divided by 17?
15
Let p(b) = -3*b**2 + 37*b - 16. Let y(f) = 3*f - 2. What is the remainder when p(5) is divided by y(7)?
18
Let c(z) = 5*z**2 + 58*z + 30. What is the remainder when 861 is divided by c(-12)?
51
Let b = 325 - 90. What is the remainder when b is divided by 79?
77
Let q = 98 + -88. Suppose -74 = -6*y + q. What is the remainder when y is divided by 8?
6
Let i(p) = -p**2 + 6*p + 2. Let o be i(6). Let x be 2/5 + 4/(-10). Let y = x + o. What is the remainder when y is divided by 1?
0
Let o(y) = 5*y**2 - 11*y + 1. Let c be (-76)/(-28) + (-4)/(-14). Calculate the remainder when 181 is divided by o(c).
12
Suppose y - 144 = -r, 2*r + 150 = 3*r - 5*y. Suppose -26*w + 21*w = -r. What is the remainder when w is divided by 15?
14
Let v(t) = t**3 - 5*t**2 + 9*t - 13. Let w be v(5). Suppose -85 = w*c - 37*c. Calculate the remainder when 65 is divided by c.
14
Suppose 2*a + 2*d + 28 - 66 = 0, -17 = -2*a + 5*d. Suppose -4*h - 8 = -2*j, 5*j = -5*h + 13 + 22. What is the remainder when a is divided by j?
4
Let r be (-1 - 1)/((-36)/126). Suppose -11 = -3*x - 5*f + 11, -5*x - f = -22. Let p = r + x. What is the remainder when 42 is divided by p?
9
Suppose 0 = -9*m - 27 + 117. What is the remainder when 18 is divided by m?
8
Let u(z) = 5*z - 17. Suppose -2*m + 3*v + 97 = 0, -5*m = -5*v + v - 253. What is the remainder when m is divided by u(5)?
5
Let z be 530 - (2 + (-3 - -3)). Suppose 4*o - z = o. What is the remainder when 67 is divided by o/10 - 6/10?
16
Suppose -655 = -97*s + 121. What is the remainder when 13 is divided by s?
5
Calculate the remainder when 205 is divided by (0 + -1 + -1)*1560/(-240).
10
Let r be 0 + 3/12 + 141/12. Suppose -1184 = -28*l + r*l. Calculate the remainder when l is divided by 20.
14
Suppose -d + 47 = -71. Suppose -2*x + 0*g - 3*g = -d, 0 = -2*x + 2*g + 138. Calculate the remainder when x is divided by 17.
14
Let v(z) = -4*z + 88. Let p be v(0). Suppose -4*t + p = 4*d, 3*t = t + 3*d + 39. Calculate the remainder when 36 is divided by t.
15
Let u = 10 + 18. Let c = u + -9. Suppose 3*r + c - 61 = -5*a, 2*a - 28 = -2*r. Calculate the remainder when 53 is divided by r.
11
Suppose 0 = 237*c - 247*c + 30. What is the remainder when 28 is divided by c?
1
Suppose 0 = -2*u - u. Let x = 22 + u. Let y = x + -4. Calculate the remainder when 34 is divided by y.
16
Suppose -7*s = -963 + 627. What is the remainder when 94 is divided by s?
46
Let d(j) = j**3 + 11*j**2 + 8*j - 15. Let z = 1 + -10. What is the remainder when d(z) is divided by 19?
18
Suppose -3*x = -7*x + 2*a + 52, 0 = -5*a + 10. Calculate the remainder when 516 is divided by x.
12
Let o = 55 + -1. Suppose -3*p + o + 81 = 0. Calculate the remainder when p is divided by 16.
13
Let w be (1/(-2))/((-4)/40). Suppose -52 = -3*p + w. What is the remainder when 113 is divided by p?
18
Let v(i) = 50*i**2 - i - 1. Let c be v(-1). Let j = c - 41. Calculate the remainder when j is divided by 4.
1
Let a = 3 + 1. Let g = -1440 + 1446. What is the remainder when g is divided by a?
2
Suppose -2*t + h = -3602, 0 = t - 2*h - 490 - 1317. What is the remainder when t is divided by 24?
23
Suppose -4*r + 28 = o, -o - 3*r = -0*r - 31. Calculate the remainder when 45 is divided by o.
5
Suppose -46*u = -17*u - 232. What is the remainder when (-1)/((-1)/2) - -13 is divided by u?
7
Suppose 2*g = 83 + 15. What is the remainder when g is divided by (0 + -1)*16/((-16)/13)?
10
Calculate the remainder when 4 + 30/(-8) + (-271)/(-4) is divided by 36.
32
Suppose -3*z = 7*z - 50. Suppose -z*w = 15, 0*w + 168 = 3*j - w. Calculate the remainder when j is divided by 19.
17
Suppose -v + k + 23 = 0, 0 = -5*v + 9*k - 10*k + 121. Calculate the remainder when 499 is divided by v.
19
Let h(w) = w**3 + w**2 - 3*w + 18. Let p(g) = -47*g**3 + g + 1. Calculate the remainder when p(-1) is divided by h(0).
11
Let w = 96 + 0. Let k = w + -67. Calculate the remainder when 85 is divided by k.
27
Suppose -b + 10 = 37. Let k(c) = 2*c + 65. Calculate the remainder when 21 is divided by k(b).
10
Suppose b + 5*r = -0*b + 198, 212 = b - 2*r. What is the remainder when b is divided by 28?
12
Suppose -924 = -8*x - 4*x. Calculate the remainder when x is divided by 28.
21
Let j(h) = h - 2. Suppose 4*p - 37 = 23. Calculate the remainder when j(p) is divided by 7.
6
Let y(q) = -q + 18 - 8*q + 11*q. What is the remainder when y(25) is divided by 10?
8
Suppose 1340 = 11*v + 504. What is the remainder when 602 is divided by v?
70
Let k be 1/1 - (-5 + -4). Suppose 2*b + k = -6. Calculate the remainder when 17 is divided by 4/b - 22/(-4).
2
Let s = 906 - 703. Calculate the remainder when s is divided by 41.
39
Suppose -15*g + 13*g = -32. What is the remainder when 51 is divided by g?
3
Let m(r) = -r**2 + 12*r - 4. Let v be (-1 + 2)/(3/123). Let z = v - -42. What is the remainder when z is divided by m(8)?
27
Let b be (-24)/(-30) + 1812/10. Let n = 256 - b. What is the remainder when n is divided by 26?
22
Suppose -2*a - 3*a = -2*g - 9, 0 = -g - 2*a. Let z = 11 + 10. Calculate the remainder when 1 - g - 3*-12 is divided by z.
18
What is the remainder when 1 + 6216/7 - (0 + -1) is divided by 149?
145
What is the remainder when 41 is divided by (33/(-12))/(150/(-48) + 3)?
19
Let q(d) = -7*d - 91. Let c = 24 + -8. Calculate the remainder when q(-24) is divided by c.
13
Let x be ((-6)/8)/((-4)/16). Calculate the remainder when x*(-2 - (-148)/6) is divided by 18.
14
Let n(g) = -g**2 + 5*g + 10. Let w be n(6). Let h = 21 + w. Calculate the remainder when 72 is divided by h.
22
Suppose 2*x - j - 15 = -6*j, 4*x = -2*j + 22. Let v = -7 + 3. Let g(w) = -3*w - 5. What is the remainder when g(v) is divided by x?
2
Let m(g) = -g**2 - 9*g - 9. Let i be m(-7). Let u = i + 2. Let f(w) = -w**3 + 15*w**2 + 35*w + 8. What is the remainder when f(17) is divided by u?
4
Suppose 0*t + 2*t - 22 = 0. Calculate the remainder when 67/(-67) - -42*1 is divided by t.
8
Let h(s) = 23*s**2 + 2*s - 1. Suppose -39*i = -99*i + 1920. Calculate the remainder when h(2) is divided by i.
31
Let n = 207 + -292. Suppose -19*o = -562 - 1699. Let h = o + n. Calculate the remainder when h is divided by 9.
7
Let d = -93 - -99. Calculate the remainder when 17 is divided by d/(-2)*(-33)/9.
6
Let q(g) = -g**2 + 9*g - 2. Suppose 8*f = -3*s + 1808 - 148, f - 3*s = 194. What is the remainder when f is divided by q(6)?
14
Suppose 42 - 62 = -n. Calculate the remainder when 98 is divided by n.
18
Suppose 0 = 3*u - 7 - 5. Let k(i) = i**3 + 5*i**2 - 14. Calculate the remainder when u is divided by k(-3).
0
Let w(m) = -2*m + 8. Let h(j) = -j**3 + 5*j**2 - j + 1. Let x be h(4). Suppose 3*a + 8 = -x. What is the remainder when 41 is divided by w(a)?
19
Suppose 494 = 6*m - 3*m - 2*k, 0 = 3*k - 15. Suppose 2*n - m = -2*n. Let h = n - 23. What is the remainder when h is divided by 5?
4
Suppose -7*a = 6*a - 2886. What is the remainder when a is divided by 76?
70
Suppose -4*u - 219 = -2*b + 41, -390 = -3*b + 2*